 c(2)?
3
Suppose c - 3*w = 6921, 5*c = -5*w + 30490 + 3975. What is the units digit of c?
0
Let p(f) = -2*f**3 + 4*f**2 + 6*f + 4. Let m be p(3). Suppose m*v - 6*v + 758 = 0. What is the tens digit of v?
7
Let a(u) = -u**2 - 8*u - 7. Let b be a(-7). Suppose b = 8*p - 470 - 698. Let d = p + 84. What is the units digit of d?
0
Let m = 18911 + 28045. Suppose m = 36*x - 10*x. What is the hundreds digit of x?
8
Let j be (-4)/(-6)*((-586)/4 + 1). Let l = 23 - j. Suppose 200 = 4*i - 4*a, -a - 74 = -4*i + l. What is the units digit of i?
8
Let g = 32 + 8. Let r be 4/(g/(-25))*-2. Suppose -5*v = -5*q + 200, -2*q - r*v + 68 = -v. What is the tens digit of q?
3
Let q be (10 + -10)*(-1)/3. Suppose 5*h + 2*f + f - 15 = 0, 4*h - 4*f + 20 = q. Let w = 13 + h. What is the tens digit of w?
1
Let j = -52 + 54. Let a be 10*1*j/4. Suppose 2*t + a*z = t + 157, -2*t + 303 = -z. What is the tens digit of t?
5
What is the ten thousands digit of (0 - -4)*(-11)/((-704)/9192)*20?
1
Suppose -4*b + 3*u = -7700, b - 3*u + u - 1930 = 0. What is the tens digit of b?
2
Let y(l) = -37*l**3 - 9*l**2 - 49*l - 63. What is the thousands digit of y(-6)?
7
Suppose 0 = -a - o + 14, -5*a + 3*o = o - 42. Let v be (a/8)/(2/16). Suppose -4*p - 120 = -v*p. What is the tens digit of p?
2
Suppose 5*l - k - 1430 = -168, 754 = 3*l + k. Suppose -3*j + j + l = 0. What is the tens digit of j?
2
Let u(v) = -100 + 0*v + 101 + v + 5*v**2. Let t be u(-1). Suppose 0 = 15*i - t*i - 590. What is the units digit of i?
9
Let h = 423 + -88. Let r = 872 - h. What is the units digit of r?
7
Let y(s) = 4835*s - 2556. What is the thousands digit of y(8)?
6
Suppose 4*a = 6*a + 4, -5*a - 22 = -3*r. Suppose 3664 = 4*n - 4*z, -26*n + 29*n = r*z + 2747. What is the hundreds digit of n?
9
Suppose -96*b + 240788 + 262672 = -624924. What is the hundreds digit of b?
7
Suppose 0 = -215*x + 6428964 + 1345866. What is the tens digit of x?
6
Let x be (-2907)/2 - 700/(-200). Let s = 2607 + x. What is the units digit of s?
7
What is the thousands digit of 48043 - (-1120)/(-105)*((-19)/(-4) - 4)?
8
Let m = 4720 + -3250. What is the thousands digit of m?
1
Suppose 222 = 2*y + 220. What is the hundreds digit of (((-3)/2)/(5/(-1710)))/y?
5
Let h = -76 + 72. Let d(t) = -13*t - 19. What is the units digit of d(h)?
3
Suppose 0 = h - 2*u - 6449, 6*u = -5*h + 11*u + 32235. What is the hundreds digit of h?
4
Let k(r) = r**2 + 2*r + 4. Let i be k(-2). Suppose 2*x - 4*w = 84, -7*x + 4*x - i*w + 156 = 0. Let y = x + 42. What is the tens digit of y?
9
Let p be (102/(-4))/((-11)/(-22)). Let d = 53 + p. Suppose 2540 = -d*u + 22*u. What is the tens digit of u?
2
Suppose -14 = 4*b - 50. Suppose -b = k - 2*m, -m = 5*k - 3*m + 13. What is the hundreds digit of ((-2)/(-3))/k - (-8912)/48?
1
Let c = 295 + -292. What is the hundreds digit of c*(-5 - 5*-96)?
4
Let u be 13/(-65)*-134853 - 3/5. What is the units digit of ((-36)/10)/((-116)/u)?
7
Let k = -21 + 9. Let j be 33 - (-11 - -16 - 1*2). Let b = j - k. What is the units digit of b?
2
Let c be (-32)/(-6)*6/(-4). What is the units digit of -2165*(0 + c/20)?
6
Let r(c) = -7*c**3 - 3*c + 3. Let i be r(1). What is the units digit of (377 - (i - -6)) + 5?
3
Let q = 7985 + 2310. What is the thousands digit of q?
0
What is the tens digit of (-198380)/(-30) - (-40)/12?
1
Let z = -194 + 203. What is the tens digit of ((-24)/z)/4*-447?
9
Let k(w) be the second derivative of 14*w**3/3 - 45*w**2 - 2*w + 2. What is the units digit of k(14)?
2
Suppose t - 2*q = -6*q + 5164, 4*t - 2*q = 20638. What is the hundreds digit of t?
1
Let t be 35/14 + 1/(-2). Suppose -3*w = i - 4*w + 14, -4*i - t*w = 86. Let l = 74 + i. What is the units digit of l?
5
Let n(i) = 3*i**2 - 7*i + 6. Let d be n(5). Suppose 54*h - 44*h - 510 = 0. Suppose h*g = d*g + 120. What is the tens digit of g?
2
Suppose f + 129023 = 2*j, -j - f + 7932 + 56593 = 0. What is the hundreds digit of j?
5
Let h(n) = -23*n - 156. Let c be h(-7). Suppose 5*g = c*x - 350, -x - 5*g + 55 = -3*g. What is the units digit of x?
5
Let q be (-1)/6 - 218/(-12). Suppose 4*i - q = 2. Suppose 10*w + 174 = 3*r + i*w, 0 = 5*r - 4*w - 303. What is the tens digit of r?
6
Let k = -11124 + 19052. What is the units digit of k?
8
Suppose 60 = w + 2*w - 3*z, 4*w - 5*z - 79 = 0. Suppose 0 = 3*p - w + 12. Suppose p*l + 8*l - 726 = 0. What is the tens digit of l?
6
Suppose -k + 7 = 4. Suppose 7*g - 4*f = k*g + 8, 0 = -5*g + f + 2. Suppose 2*t - 2*d - 68 = g, 3*d = -5*t - 61 + 231. What is the units digit of t?
4
Let t be ((396/6)/6)/1. Suppose -4*d = -t - 9. Suppose -d*p + k - 5*k = -1542, 4*p - 5*k = 1209. What is the hundreds digit of p?
3
Let u be 50 + -2 + -4 + 5. Suppose 3*r - 137 = -s, 3*s = -r + 444 - u. What is the tens digit of s?
3
Suppose -5*x + 6555 = 3*i, 7*x = -3*i + 12*x + 6585. Suppose -72*s = -77*s + i. What is the units digit of s?
8
Let m = 197 + 895. Suppose 5*n - 4*o - 385 = 714, 5*n - m = -3*o. What is the tens digit of n?
1
Let k = 21909 - 11935. What is the thousands digit of k?
9
Suppose -3*l + 14 = -1. Suppose l*k - 1509 = -2*t, -2741 = -3*t + 5*k - 490. What is the tens digit of t?
5
Suppose 5*w + 4*j = 3, -2*w + 2*j = -j - 15. Suppose 6325 = 19*i - 3935. Suppose -5*q = w*d - 530, 5*q + 8*d - 3*d = i. What is the hundreds digit of q?
1
Suppose 0*m - 37*m = -23458. Let l = m - 323. What is the tens digit of l?
1
Let y be (5/((-5)/(-2)))/(5/55). Suppose -7*r + 1276 = y*r. What is the tens digit of r?
4
Let x(q) be the first derivative of 2*q**3/3 - q**2 + 56*q - 56. What is the tens digit of x(7)?
4
What is the thousands digit of (-2)/((-18)/164043) + 4/(-2)?
8
Let z be ((-6)/(-4))/((-18)/48). Let x be 6 + (-2)/(-1) + z. Let t(r) = 19*r - 38. What is the units digit of t(x)?
8
Suppose -1178*f - 7365 = -1173*f. Let u = 2425 + f. What is the hundreds digit of u?
9
Let l(t) = -295*t**3 + 2*t**2 + 2*t - 3. Let z be l(1). Let b = z + 358. What is the units digit of b?
4
Suppose -40 = -6*s + 32. Suppose s*i = 13*i. What is the tens digit of i/4 - (-2 + 63)*-2?
2
Suppose -275 = -28*l + 23*l. Suppose 57*d - 10 = l*d. Suppose -d*s + 10*s - 810 = 0. What is the tens digit of s?
6
Let s(j) = -23935*j**3 + 2*j**2 - 56*j - 57. What is the thousands digit of s(-1)?
3
Suppose 217 = 40*d - 39*d. Let u = 440 - d. What is the tens digit of u?
2
Let i = -240 + 243. Suppose i*x + 4*a - 510 = 56, a + 586 = 3*x. What is the tens digit of x?
9
Suppose 30*w = 36*w - 4230. Suppose 4*s + 3*y + 26 - w = 0, 3*s - 509 = -2*y. What is the hundreds digit of s?
1
What is the ten thousands digit of 12645/1 + (-18)/(-30)*(13 + -3)?
1
Suppose -5*b + i = -b - 113, 4*b - 5*i - 133 = 0. Suppose 0*r + 51 = -5*d + 2*r, 0 = 3*d - 3*r + b. Let t(v) = v**2 + 3*v + 26. What is the units digit of t(d)?
4
Let x = 5578 - 4431. What is the thousands digit of x?
1
Let d(m) = -37*m**3 + 3*m**2 - 13*m + 20. What is the thousands digit of d(-6)?
8
Suppose -379*i + 383*i - 60708 = 0. What is the thousands digit of i?
5
What is the tens digit of (-6)/(-8) + (-16)/((-704)/357819)?
3
Suppose 9*f + 9968 - 34439 = 0. What is the hundreds digit of f?
7
Let g(j) = 8*j - 2*j**2 - 16*j + 6*j + 3*j**3 - 12. Let a(k) = k**3 + k**2 - k. Let n(h) = -2*a(h) + g(h). What is the tens digit of n(6)?
6
Suppose -27*k + 535 = -464. Let w = 644 + k. What is the tens digit of w?
8
Suppose 100*v - 776233 = -16*v + 1236715. What is the tens digit of v?
5
Let h(z) = 3*z**3 + 132*z**2 - 324*z - 105. What is the hundreds digit of h(-43)?
3
Suppose 2*r - 101 = -21. Let t be (5/1 + -5)*(-5)/(-5). Suppose t = -4*d + r + 164. What is the units digit of d?
1
Suppose 6177 = 12*x - 65547. What is the units digit of x?
7
Suppose -112*t = 48*t - 1941760. What is the ten thousands digit of t?
1
Suppose -20 = 9*b - 13*b. Suppose -b*h = -6*h - 4*x + 336, -3*x + 331 = h. What is the units digit of h?
6
What is the tens digit of -514*(-5)/(-2)*((-3696)/140)/4?
8
What is the thousands digit of (-4408)/(-57)*3690/20?
4
Let l(o) = 11*o**2 - 155*o - 22. What is the tens digit of l(32)?
8
Suppose -420475 = -5*m - 3*o - 46202, -2*m = 3*o - 149702. What is the tens digit of m?
5
Let s(d) = 308*d**3 + d**2 - 6*d + 11. What is the tens digit of s(2)?
6
Suppose -255*c = 136*c - 38*c - 13019699. What is the units digit of c?
3
Suppose 2*r - 3504 = -2*u,